{"id":2605,"date":"2021-05-28T17:27:02","date_gmt":"2021-05-28T17:27:02","guid":{"rendered":"https:\/\/hongfook.ca\/association\/?page_id=2605"},"modified":"2023-09-14T19:09:10","modified_gmt":"2023-09-15T00:09:10","slug":"vi","status":"publish","type":"page","link":"https:\/\/hongfook.ca\/association\/contact-us\/our-locations\/vi\/","title":{"rendered":"\u0110\u1ecba ch\u1ec9 v\u0103n ph\u00f2ng"},"content":{"rendered":"\n\n\t\t\t<a href=\"\/association\/contact-us\/our-locations\/\" target=\"_self\" role=\"button\" rel=\"noopener\">\n\t\t\t\t\t\t\tEnglish\n\t\t\t\t\t<\/a>\n\t\t\t<a href=\"\/association\/contact-us\/our-locations\/tc\/\" target=\"_self\" role=\"button\" rel=\"noopener\">\n\t\t\t\t\t\t\t\u7e41\u9ad4\u4e2d\u6587\n\t\t\t\t\t<\/a>\n\t\t\t<a href=\"\/association\/contact-us\/our-locations\/sc\/\" target=\"_self\" role=\"button\" rel=\"noopener\">\n\t\t\t\t\t\t\t\u7b80\u4f53\u4e2d\u6587\n\t\t\t\t\t<\/a>\n\t\t\t<a href=\"\/association\/contact-us\/our-locations\/ko\/\" target=\"_self\" role=\"button\" rel=\"noopener\">\n\t\t\t\t\t\t\t\ud55c\uad6d\uc5b4\n\t\t\t\t\t<\/a>\n\t\t\t<a href=\"\/association\/contact-us\/our-locations\/vi\/\" target=\"_self\" role=\"button\" rel=\"noopener\">\n\t\t\t\t\t\t\tTi\u1ebfng Vi\u1ec7t\n\t\t\t\t\t<\/a>\n\t\t\t<a href=\"\/association\/contact-us\/our-locations\/kh\/\" target=\"_self\" role=\"button\" rel=\"noopener\">\n\t\t\t\t\t\t\t\u1797\u17b6\u179f\u17b6\u1781\u17d2\u1798\u17c2\u179a\n\t\t\t\t\t<\/a>\n\t\t\t\t<img loading=\"lazy\" decoding=\"async\" src=\"https:\/\/hongfook.ca\/association\/wp-content\/uploads\/sites\/3\/2021\/03\/contact-us-masthead.jpg\" alt=\"Contact Us\" itemprop=\"image\" height=\"400\" width=\"1000\" title=\"Contact Us\" onerror=\"this.style.display='none'\"  \/>\n\t<strong>V\u0103n ph\u00f2ng chi nh\u00e1nh Downtown\u00a0<\/strong><br \/>\n407 Huron Street, 3rd Floor<br \/>\nToronto, ON, M5S 2G5<br \/>\n<strong>\u0110i\u1ec7n tho\u1ea1<\/strong>i: 416-493-4242<br \/>\n<strong>Fax<\/strong>: 416-595-6332\n\t<iframe loading=\"lazy\" src=\"https:\/\/www.google.com\/maps\/embed?pb=!1m18!1m12!1m3!1d2040.7951423176416!2d-79.4015180771055!3d43.66647056204662!2m3!1f0!2f0!3f0!3m2!1i1024!2i768!4f13.1!3m3!1m2!1s0x882b34bdb9205507%3A0xdd2d34fa713ef983!2s407%20Huron%20St%203rd%20Floor%2C%20Toronto%2C%20ON%20M5S%202G5!5e0!3m2!1sen!2sca!4v1598294729659!5m2!1sen!2sca\" width=\"400\" height=\"300\" frameborder=\"0\" allowfullscreen=\"allowfullscreen\"><\/iframe>\n\t<strong>V\u0103n ph\u00f2ng chi nh\u00e1nh Markham<\/strong><br \/>\n3621 Highway 7 East, Suite 301<br \/>\nMarkham,ON, L3R 0G6<br \/>\nFax: 416-493-2214\n\t<iframe loading=\"lazy\" src=\"https:\/\/www.google.com\/maps\/embed?pb=!1m18!1m12!1m3!1d2877.0799399236407!2d-79.33953058511187!3d43.854171747430755!2m3!1f0!2f0!3f0!3m2!1i1024!2i768!4f13.1!3m3!1m2!1s0x89d4d4f83a1a732d%3A0xd68cc004b3c4a997!2s3621%20Hwy%207%20Suite%20301%2C%20Markham%2C%20ON%20L3R%200G6!5e0!3m2!1sen!2sca!4v1655156079955!5m2!1sen!2sca\" width=\"400\" height=\"300\" allowfullscreen=\"allowfullscreen\"><\/iframe>\n\t<strong>V\u0103n ph\u00f2ng chi nh\u00e1nh North York<\/strong><br \/>\n1751 Sheppard Avenue East,<br \/>\nGround Floor<br \/>\nNorth York, ON, M2J 0A4<br \/>\n<strong>Fax<\/strong>: 416-492-0644\n\t<iframe loading=\"lazy\" src=\"https:\/\/www.google.com\/maps\/embed?pb=!1m18!1m12!1m3!1d2880.8785823007993!2d-79.3461226847723!3d43.77537917911727!2m3!1f0!2f0!3f0!3m2!1i1024!2i768!4f13.1!3m3!1m2!1s0x89d4d2f1a88b70e1%3A0x214e63dacc460a08!2s1751+Sheppard+Ave+E%2C+North+York%2C+ON+M2J+0A4!5e0!3m2!1sen!2sca!4v1488173244588\" width=\"400\" height=\"300\" frameborder=\"0\" allowfullscreen=\"allowfullscreen\"><\/iframe>\n\n","protected":false},"excerpt":{"rendered":"<p>English \u7e41\u9ad4\u4e2d\u6587 \u7b80\u4f53\u4e2d\u6587 \ud55c\uad6d\uc5b4 Ti\u1ebfng Vi\u1ec7t \u1797\u17b6\u179f\u17b6\u1781\u17d2\u1798\u17c2\u179a V\u0103n ph\u00f2ng chi nh\u00e1nh Downtown\u00a0 407 Huron Street, 3rd Floor Toronto, ON, M5S 2G5 \u0110i\u1ec7n tho\u1ea1i: 416-493-4242 Fax: 416-595-6332 V\u0103n ph\u00f2ng chi nh\u00e1nh Markham 3621 Highway 7 East, Suite 301 Markham,ON, L3R 0G6 Fax: 416-493-2214 V\u0103n ph\u00f2ng chi nh\u00e1nh North York 1751 Sheppard Avenue East, Ground Floor North &hellip; <\/p>\n<div class=\"link-more\"><a href=\"https:\/\/hongfook.ca\/association\/contact-us\/our-locations\/vi\/\" class=\"more-link\">Read More<span class=\"screen-reader-text\"> &#8220;\u0110\u1ecba ch\u1ec9 v\u0103n ph\u00f2ng&#8221;<\/span><\/a><\/div>\n","protected":false},"author":1,"featured_media":0,"parent":1096,"menu_order":0,"comment_status":"closed","ping_status":"closed","template":"page-template\/right-sidebar.php","meta":{"om_disable_all_campaigns":false,"ngg_post_thumbnail":0,"footnotes":""},"class_list":["post-2605","page","type-page","status-publish","hentry"],"aioseo_notices":[],"_links":{"self":[{"href":"https:\/\/hongfook.ca\/association\/wp-json\/wp\/v2\/pages\/2605","targetHints":{"allow":["GET"]}}],"collection":[{"href":"https:\/\/hongfook.ca\/association\/wp-json\/wp\/v2\/pages"}],"about":[{"href":"https:\/\/hongfook.ca\/association\/wp-json\/wp\/v2\/types\/page"}],"author":[{"embeddable":true,"href":"https:\/\/hongfook.ca\/association\/wp-json\/wp\/v2\/users\/1"}],"replies":[{"embeddable":true,"href":"https:\/\/hongfook.ca\/association\/wp-json\/wp\/v2\/comments?post=2605"}],"version-history":[{"count":5,"href":"https:\/\/hongfook.ca\/association\/wp-json\/wp\/v2\/pages\/2605\/revisions"}],"predecessor-version":[{"id":4769,"href":"https:\/\/hongfook.ca\/association\/wp-json\/wp\/v2\/pages\/2605\/revisions\/4769"}],"up":[{"embeddable":true,"href":"https:\/\/hongfook.ca\/association\/wp-json\/wp\/v2\/pages\/1096"}],"wp:attachment":[{"href":"https:\/\/hongfook.ca\/association\/wp-json\/wp\/v2\/media?parent=2605"}],"curies":[{"name":"wp","href":"https:\/\/api.w.org\/{rel}","templated":true}]}}